{"id":8,"date":"2021-07-02T18:28:34","date_gmt":"2021-07-02T16:28:34","guid":{"rendered":"http:\/\/buxin.com\/?page_id=8"},"modified":"2021-08-01T11:36:56","modified_gmt":"2021-08-01T09:36:56","slug":"contact","status":"publish","type":"page","link":"http:\/\/buxin.com\/index.php\/contact\/","title":{"rendered":"Contact"},"content":{"rendered":"\n<p>Fr\u00e9d\u00e9ric Buxin parcourant les mers une bonne partie de l&#8217;ann\u00e9e, le d\u00e9lais de r\u00e9ponse n&#8217;est pas instantan\u00e9.<\/p>\n\n\n\n<p>Fr\u00e9d\u00e9ric Buxin traveling the seas a good part of the year, the response time is not instantaneous.<\/p>\n\n\n<div class=\"wpforms-container wpforms-container-full\" id=\"wpforms-529\"><form id=\"wpforms-form-529\" class=\"wpforms-validate wpforms-form\" data-formid=\"529\" method=\"post\" enctype=\"multipart\/form-data\" action=\"\/index.php\/wp-json\/wp\/v2\/pages\/8\" data-token=\"50607dd842c1641dae0dca2f6a28c603\"><noscript class=\"wpforms-error-noscript\">Please enable JavaScript in your browser to complete this form.<\/noscript><div class=\"wpforms-field-container\"><div id=\"wpforms-529-field_1-container\" class=\"wpforms-field wpforms-field-name\" data-field-id=\"1\"><label class=\"wpforms-field-label\" for=\"wpforms-529-field_1\">Nom <span class=\"wpforms-required-label\">*<\/span><\/label><div class=\"wpforms-field-row wpforms-field-medium\"><div class=\"wpforms-field-row-block wpforms-first wpforms-one-half\"><input type=\"text\" id=\"wpforms-529-field_1\" class=\"wpforms-field-name-first wpforms-field-required\" name=\"wpforms[fields][1][first]\" required><label for=\"wpforms-529-field_1\" class=\"wpforms-field-sublabel after \">First<\/label><\/div><div class=\"wpforms-field-row-block wpforms-one-half\"><input type=\"text\" id=\"wpforms-529-field_1-last\" class=\"wpforms-field-name-last wpforms-field-required\" name=\"wpforms[fields][1][last]\" required><label for=\"wpforms-529-field_1-last\" class=\"wpforms-field-sublabel after \">Last<\/label><\/div><\/div><\/div><div id=\"wpforms-529-field_2-container\" class=\"wpforms-field wpforms-field-email\" data-field-id=\"2\"><label class=\"wpforms-field-label\" for=\"wpforms-529-field_2\">E-mail <span class=\"wpforms-required-label\">*<\/span><\/label><input type=\"email\" id=\"wpforms-529-field_2\" class=\"wpforms-field-small wpforms-field-required\" name=\"wpforms[fields][2]\" required><\/div><div id=\"wpforms-529-field_8-container\" class=\"wpforms-field wpforms-field-textarea\" data-field-id=\"8\"><label class=\"wpforms-field-label\" for=\"wpforms-529-field_8\">Paragraphe<\/label><textarea id=\"wpforms-529-field_8\" class=\"wpforms-field-medium\" name=\"wpforms[fields][8]\" ><\/textarea><\/div><\/div><div class=\"wpforms-submit-container\" ><input type=\"hidden\" name=\"wpforms[id]\" value=\"529\"><input type=\"hidden\" name=\"wpforms[author]\" value=\"1\"><button type=\"submit\" name=\"wpforms[submit]\" class=\"wpforms-submit \" id=\"wpforms-submit-529\" value=\"wpforms-submit\" aria-live=\"assertive\" data-alt-text=\"Envoi...\" data-submit-text=\"Envoyer\">Envoyer<\/button><\/div><\/form><\/div>  <!-- .wpforms-container -->","protected":false},"excerpt":{"rendered":"<p>Fr\u00e9d\u00e9ric Buxin parcourant les mers une bonne partie de l&#8217;ann\u00e9e, le d\u00e9lais de r\u00e9ponse n&#8217;est pas instantan\u00e9. Fr\u00e9d\u00e9ric Buxin traveling the seas a good part of the year, the response time is not instantaneous.<\/p>\n<p> <a class=\"continue-reading-link\" href=\"http:\/\/buxin.com\/index.php\/contact\/\"><span>Continue reading<\/span><i class=\"crycon-right-dir\"><\/i><\/a> <\/p>\n","protected":false},"author":1,"featured_media":0,"parent":0,"menu_order":0,"comment_status":"closed","ping_status":"closed","template":"","meta":{"spay_email":""},"yoast_head":"<!-- This site is optimized with the Yoast SEO plugin v16.8 - https:\/\/yoast.com\/wordpress\/plugins\/seo\/ -->\n<title>Contact - Fr\u00e9d\u00e9ric Buxin<\/title>\n<meta name=\"robots\" content=\"index, follow, max-snippet:-1, max-image-preview:large, max-video-preview:-1\" \/>\n<link rel=\"canonical\" href=\"http:\/\/buxin.com\/index.php\/contact\/\" \/>\n<meta property=\"og:locale\" content=\"en_US\" \/>\n<meta property=\"og:type\" content=\"article\" \/>\n<meta property=\"og:title\" content=\"Contact - Fr\u00e9d\u00e9ric Buxin\" \/>\n<meta property=\"og:description\" content=\"Fr\u00e9d\u00e9ric Buxin parcourant les mers une bonne partie de l&#8217;ann\u00e9e, le d\u00e9lais de r\u00e9ponse n&#8217;est pas instantan\u00e9. Fr\u00e9d\u00e9ric Buxin traveling the seas a good part of the year, the response time is not instantaneous. Continue reading\" \/>\n<meta property=\"og:url\" content=\"http:\/\/buxin.com\/index.php\/contact\/\" \/>\n<meta property=\"og:site_name\" content=\"Fr\u00e9d\u00e9ric Buxin\" \/>\n<meta property=\"article:modified_time\" content=\"2021-08-01T09:36:56+00:00\" \/>\n<meta name=\"twitter:card\" content=\"summary_large_image\" \/>\n<meta name=\"twitter:label1\" content=\"Est. reading time\" \/>\n\t<meta name=\"twitter:data1\" content=\"1 minute\" \/>\n<script type=\"application\/ld+json\" class=\"yoast-schema-graph\">{\"@context\":\"https:\/\/schema.org\",\"@graph\":[{\"@type\":\"WebSite\",\"@id\":\"http:\/\/buxin.com\/#website\",\"url\":\"http:\/\/buxin.com\/\",\"name\":\"Fr\\u00e9d\\u00e9ric Buxin\",\"description\":\"\",\"potentialAction\":[{\"@type\":\"SearchAction\",\"target\":{\"@type\":\"EntryPoint\",\"urlTemplate\":\"http:\/\/buxin.com\/?s={search_term_string}\"},\"query-input\":\"required name=search_term_string\"}],\"inLanguage\":\"en-US\"},{\"@type\":\"WebPage\",\"@id\":\"http:\/\/buxin.com\/index.php\/contact\/#webpage\",\"url\":\"http:\/\/buxin.com\/index.php\/contact\/\",\"name\":\"Contact - Fr\\u00e9d\\u00e9ric Buxin\",\"isPartOf\":{\"@id\":\"http:\/\/buxin.com\/#website\"},\"datePublished\":\"2021-07-02T16:28:34+00:00\",\"dateModified\":\"2021-08-01T09:36:56+00:00\",\"breadcrumb\":{\"@id\":\"http:\/\/buxin.com\/index.php\/contact\/#breadcrumb\"},\"inLanguage\":\"en-US\",\"potentialAction\":[{\"@type\":\"ReadAction\",\"target\":[\"http:\/\/buxin.com\/index.php\/contact\/\"]}]},{\"@type\":\"BreadcrumbList\",\"@id\":\"http:\/\/buxin.com\/index.php\/contact\/#breadcrumb\",\"itemListElement\":[{\"@type\":\"ListItem\",\"position\":1,\"name\":\"Accueil\",\"item\":\"http:\/\/buxin.com\/\"},{\"@type\":\"ListItem\",\"position\":2,\"name\":\"Contact\"}]}]}<\/script>\n<!-- \/ Yoast SEO plugin. -->","yoast_head_json":{"title":"Contact - Fr\u00e9d\u00e9ric Buxin","robots":{"index":"index","follow":"follow","max-snippet":"max-snippet:-1","max-image-preview":"max-image-preview:large","max-video-preview":"max-video-preview:-1"},"canonical":"http:\/\/buxin.com\/index.php\/contact\/","og_locale":"en_US","og_type":"article","og_title":"Contact - Fr\u00e9d\u00e9ric Buxin","og_description":"Fr\u00e9d\u00e9ric Buxin parcourant les mers une bonne partie de l&#8217;ann\u00e9e, le d\u00e9lais de r\u00e9ponse n&#8217;est pas instantan\u00e9. Fr\u00e9d\u00e9ric Buxin traveling the seas a good part of the year, the response time is not instantaneous. Continue reading","og_url":"http:\/\/buxin.com\/index.php\/contact\/","og_site_name":"Fr\u00e9d\u00e9ric Buxin","article_modified_time":"2021-08-01T09:36:56+00:00","twitter_card":"summary_large_image","twitter_misc":{"Est. reading time":"1 minute"},"schema":{"@context":"https:\/\/schema.org","@graph":[{"@type":"WebSite","@id":"http:\/\/buxin.com\/#website","url":"http:\/\/buxin.com\/","name":"Fr\u00e9d\u00e9ric Buxin","description":"","potentialAction":[{"@type":"SearchAction","target":{"@type":"EntryPoint","urlTemplate":"http:\/\/buxin.com\/?s={search_term_string}"},"query-input":"required name=search_term_string"}],"inLanguage":"en-US"},{"@type":"WebPage","@id":"http:\/\/buxin.com\/index.php\/contact\/#webpage","url":"http:\/\/buxin.com\/index.php\/contact\/","name":"Contact - Fr\u00e9d\u00e9ric Buxin","isPartOf":{"@id":"http:\/\/buxin.com\/#website"},"datePublished":"2021-07-02T16:28:34+00:00","dateModified":"2021-08-01T09:36:56+00:00","breadcrumb":{"@id":"http:\/\/buxin.com\/index.php\/contact\/#breadcrumb"},"inLanguage":"en-US","potentialAction":[{"@type":"ReadAction","target":["http:\/\/buxin.com\/index.php\/contact\/"]}]},{"@type":"BreadcrumbList","@id":"http:\/\/buxin.com\/index.php\/contact\/#breadcrumb","itemListElement":[{"@type":"ListItem","position":1,"name":"Accueil","item":"http:\/\/buxin.com\/"},{"@type":"ListItem","position":2,"name":"Contact"}]}]}},"_links":{"self":[{"href":"http:\/\/buxin.com\/index.php\/wp-json\/wp\/v2\/pages\/8"}],"collection":[{"href":"http:\/\/buxin.com\/index.php\/wp-json\/wp\/v2\/pages"}],"about":[{"href":"http:\/\/buxin.com\/index.php\/wp-json\/wp\/v2\/types\/page"}],"author":[{"embeddable":true,"href":"http:\/\/buxin.com\/index.php\/wp-json\/wp\/v2\/users\/1"}],"replies":[{"embeddable":true,"href":"http:\/\/buxin.com\/index.php\/wp-json\/wp\/v2\/comments?post=8"}],"version-history":[{"count":6,"href":"http:\/\/buxin.com\/index.php\/wp-json\/wp\/v2\/pages\/8\/revisions"}],"predecessor-version":[{"id":532,"href":"http:\/\/buxin.com\/index.php\/wp-json\/wp\/v2\/pages\/8\/revisions\/532"}],"wp:attachment":[{"href":"http:\/\/buxin.com\/index.php\/wp-json\/wp\/v2\/media?parent=8"}],"curies":[{"name":"wp","href":"https:\/\/api.w.org\/{rel}","templated":true}]}}